*5 + 0*y + 0*y**4 - 2/3*y**3 - 3 + 1/120*y**6. Let r(w) be the second derivative of z(w). Determine r(0).
-4
Suppose 0 = -z - 2*n - 7 - 5, 3*n = -z - 13. Let l(s) = s + 10. Give l(z).
0
Let k(q) = q + 1. Let j be ((-16)/(-3))/((-3)/9). Let m = 14 + j. Let b(x) = 2*x + 2. Let s(f) = m*b(f) + 5*k(f). Give s(5).
6
Let z(b) = b**2 + b. Let j(t) = -2*t**2 - 8*t + 4. Let g be -2 - (0 + -3)*3. Let d be 2/(-14) + 22/g. Let w(a) = d*z(a) + j(a). Give w(4).
0
Let j(d) = d**3 - d**2 + 2*d. Let r(k) = 2*k**3 - 5*k**2 + 13*k. Let m(o) = -6*j(o) + r(o). Give m(-1).
4
Let o(s) = 9*s**3 - 7*s**2 - 21*s + 2. Let l(z) = 4*z**3 - 4*z**2 - 10*z + 1. Let y(v) = 7*l(v) - 3*o(v). Give y(8).
9
Let s be (1 - -6) + (4 - (4 + 1)). Let c(i) = -3*i - 2 + s - 6. Determine c(-6).
16
Let i(x) = -16*x - 76. Let s(n) = -n - 4. Let m(z) = -2*i(z) + 36*s(z). Calculate m(-4).
24
Suppose -424 = 16*a - 328. Let u(y) = -y**3 - 8*y**2 - 7*y + 7. Determine u(a).
-23
Suppose -a - 26 + 36 = 0. Let n(r) = r + 11. Let c be n(-9). Suppose a = 4*p + c*i - 0*i, -2*i = 5*p - 14. Let m(u) = u**2 - 4*u - 5. Determine m(p).
-5
Let y be (-6)/(-2) + (-90)/36. Let j(v) be the second derivative of -1/12*v**4 - y*v**2 + 1/6*v**3 + 0 + 4*v. Give j(0).
-1
Let f(o) = -o**3 + 2*o**2 - 3*o + 10. Let p(q) = q**2 - 1. Suppose 9*c = 4*c - v + 10, 5*v = -4*c + 29. Let z(b) = c*f(b) + 4*p(b). Give z(5).
16
Let t(w) = -2*w**3 - w**2 + w + 2. Let k(b) = 7*b**3 + 6*b**2 - 8*b - 12. Let p(g) = k(g) + 3*t(g). Give p(-4).
-2
Suppose -3*z = 3*l + 33, -4*z + l - 9 = -2*l. Let d(j) be the third derivative of j**5/60 + j**4/8 - j**3/3 + 4*j**2. Calculate d(z).
16
Let m(a) be the third derivative of 7/24*a**4 - 3/2*a**3 - 1/120*a**6 + 3*a**2 + 0 - 7/60*a**5 + 0*a. Let y be m(-8). Let v(o) = 6*o + 1. Determine v(y).
-5
Suppose 4*x - 15 = 5. Let k(i) = 7*i**2 + 388*i - 2 + 4*i**3 - x*i**3 - 396*i. Give k(6).
-14
Let o = -156 + 150. Let s(f) = 3*f - 5. Give s(o).
-23
Let i(l) = l**2 + 3*l - 20. Let k be -3*2 + (2 - (0 - -2)). Let g be i(k). Let u(a) = a. Let d(r) = 6*r + 2. Let h(z) = d(z) - 3*u(z). What is h(g)?
-4
Suppose 41*g - 40*g + 4 = -4*w, 0 = 4*w - 4*g + 4. Let q = 2 + 0. Let b(j) = 4 - 2*j**q - 3 - 2*j**2 + j. Determine b(w).
-4
Suppose 9*t = 14*t - 20. Suppose -3*g + 4*n = 22, t*n - 11 = -2*g + 1. Let k(l) = 3*l**2 + 0 + 0*l**2 - 8*l**2 + 2 - 2*l. Determine k(g).
-14
Let d(a) = 4*a + 23*a + 3 - 28*a - a**2. Calculate d(0).
3
Let z(g) = -4*g - 4. Let t(p) = -7*p - 7. Let c(m) = -3*t(m) + 5*z(m). Let u be -1*2*(-12)/(-8) - 1. Calculate c(u).
-3
Let i = 8 + -13. Let q(w) be the third derivative of -w**6/120 - w**5/15 + 5*w**4/24 - w**3/3 - 2*w**2. Let f be q(i). Let a(x) = 2*x + 1. Give a(f).
-3
Let n(f) = -4*f - 28. Let l(u) = -3*u - 19. Suppose 5*s + 13 = 4*p - 0, p - 16 = -3*s. Let c(o) = p*l(o) - 5*n(o). Calculate c(6).
1
Suppose 0 = -4*o - 0*o + 8. Suppose -3*n + 2 = 12*y - 13*y, 5*y = 4*n + 12. Let k(r) = -n*r**2 + r**3 - 3*r + o*r + r**3 - r**3. What is k(-1)?
-2
Let h(v) = -v**3 + 16*v**2 - v + 20. Let k be (8/(-24))/((-1)/48). What is h(k)?
4
Let v = -2 - 2. Let o(r) = -7*r**3 - 23*r**2 + 9*r + 13. Let k(f) = 10*f**3 + 33*f**2 - 13*f - 19. Let m(h) = 5*k(h) + 7*o(h). What is m(v)?
4
Let u(g) = -g**2 + 4*g - 3. Suppose -6*c = -3*c + 54. Let s = -15 - c. Suppose -2*b + b = 2*h - 3, -b = s*h - 2. Give u(b).
-8
Let z be 78/(-208) - (-5)/(-8). Let l(v) = -5*v**2 - 2*v - 1. Give l(z).
-4
Let z(v) be the first derivative of -v**2 - 8*v - 374. What is z(-4)?
0
Suppose 3*g - 9 = -9. Let s(a) = -2*a + g - 1 - 4 + 3*a. Suppose -43 = -4*o - 3*r, 2*o + 2*r - 29 = -r. Determine s(o).
2
Suppose 5*t + 42*g + 20 = 37*g, t - 3*g = 12. Let d(f) be the third derivative of 0 + t*f - 5*f**2 - 1/24*f**4 - 5/6*f**3. Calculate d(0).
-5
Let d(b) = 31*b + 30*b - 12 + 29*b - 99*b + b**2. Give d(11).
10
Let q(g) = -6*g**2 + 2*g + 1. Let d(c) = 21*c + 166. Let r be d(-8). Determine q(r).
-27
Let f(q) = q - 13. Suppose 0 = k - 2*x - 10, 5*k + 132 = 2*x + 142. What is f(k)?
-13
Let n = 115 - 113. Let w(o) = 2 - o + o + n*o + 2 - 2*o**2. Give w(3).
-8
Suppose 0 = -5*l + 2*l + 18. Let p(u) = u**2 - 7*u - 2. Calculate p(l).
-8
Suppose -2*a + 3 = -3*l, 4*l - 2*a = a - 5. Let f(w) be the second derivative of -11*w**4/12 - 10*w - 1. Give f(l).
-11
Let x(y) = 11*y. Let r(d) = 5*d. Let g(o) = -9*r(o) + 4*x(o). Let b be 6/(-4 - (-15)/4). Let q be (b/(-21))/(6/21). What is g(q)?
-4
Let n(a) = 2 - 2*a - a + a. Suppose 3*z + 9 = 3*x - 5*x, -5*z + 5 = 0. Let h(p) = -3*p - 15. Let b be h(x). Give n(b).
-4
Let o(w) be the first derivative of -w**4/4 - w**3 - w**2 + w - 1. Let h(q) = -2*q**3 - 4*q**2 - q - 2. Let c be h(-2). Suppose c = 4*t - 3*t + 3. What is o(t)?
7
Let u(z) be the first derivative of 2*z**2 - 4*z + 576. Determine u(3).
8
Let n be (-14)/(-4) - (-3)/6. Let c(i) = 7*i**3 + 3*i**2 + 16*i + 6. Let y(x) = -20*x**3 - 8*x**2 - 45*x - 17. Let w(p) = 17*c(p) + 6*y(p). What is w(n)?
-8
Let k(n) = 2*n**2 - 26*n - 38. Let u(t) = t**2 - 13*t - 20. Let p(h) = -6*k(h) + 11*u(h). Calculate p(10).
38
Let n(f) = f - 432 + 143 + 143 + 139. What is n(6)?
-1
Let h(k) = 2*k**2 - 4*k + 3. Let a be (-4)/(20/(-25)) - (2 - 1). Determine h(a).
19
Let f(w) = -9*w + 29. Suppose -3*k - y + 12 = 0, k + 0*k - 4 = y. Give f(k).
-7
Let m(z) = -11*z**2 + 66 - 32 + 4*z - 37. Give m(2).
-39
Let y(p) = p**3 - 7*p**2 + 7*p - 2. Let j(u) = -u**3 + 4*u**2 + 2*u + 11. Let o be j(5). Let l be ((-36)/(-27))/(o/(-18)). Determine y(l).
4
Let o(r) = -3*r - 3. Suppose -43*i - 84 - 2 = 0. Give o(i).
3
Let k(r) = 6*r + 2. Suppose 0 = -5*j + 5*u + 335, 3*j - 114 = j - 3*u. Let g be ((-18)/j)/((-2)/28). Suppose -10 = 3*s - g. Calculate k(s).
-10
Let z(w) = -4 + 23*w - 24*w - 10*w - 1 - w**2. Determine z(-9).
13
Let t(b) = 29*b**2 - 6*b - 9*b + 33*b**2 + 31 - 61*b**2. What is t(13)?
5
Suppose w + n + 1 = 0, -4*n = -5*w - 6*n + 10. Let m(z) = z**3 - 6 - 10*z + 11 + w*z + 5*z**2. What is m(-6)?
5
Let g = -9 + 12. Let v(n) = 4*n - 1 + g*n - n**2 + 2 - 2. Let j be (1/1)/(1/6). Calculate v(j).
5
Let i(w) = 5*w**3 + 6*w**2 - 5*w - 4. Let r(x) = 3*x**3 + 3*x**2 - 3*x - 2. Suppose 12*l = -2*l + 98. Let c(b) = l*r(b) - 4*i(b). Give c(3).
-1
Let z be 85/(-2)*(-6)/(-25)*-5. Suppose -z*y + 53*y + 10 = 0. Let p(o) = -o**3 - 7*o**2 - 5*o + 2. Give p(y).
-23
Let l = 7 - 8. Let f(j) be the first derivative of 8*j**3/3 + j**2/2 + j + 89. What is f(l)?
8
Let a = -3 + 1. Suppose -3*f = -5*q - 2, 2*q + 2*f = -f + 16. Let y(v) = -q - v + 7*v - 4*v - v**3 + 3*v**2. What is y(a)?
14
Let t be ((-12)/(-5))/(-7 + (-469)/(-70)). Let a(c) = 2*c - 7. Calculate a(t).
-23
Let i(v) be the second derivative of -v**3/6 + 11*v**2 + 2*v - 15. Calculate i(0).
22
Suppose -13*r - 5198 = -5237. Let k(l) = -5*l**2 + 6. Determine k(r).
-39
Let m(r) = 8*r**2 + 3*r - 4. Let a be m(1). Let c(v) = -v**3 + a*v - 5*v + 6*v**2 + 6*v**3 + 5 - 4*v**3. Let g be (-2 - -1)*-1*-6. What is c(g)?
-7
Let j(f) = 15*f + 65. Let z be j(-4). Let n(g) = -8*g + 46. Determine n(z).
6
Let g(q) be the third derivative of q**4/8 - q**3 - 3*q**2 + 8*q. What is g(2)?
0
Let t(d) = -d**2 - 5*d + 7. Let c(x) = 2*x - 4. Let r be c(2). Suppose -3*z + 27 = -5*f, r*f + 4*f + 23 = z. Determine t(f).
1
Let y(b) = -2*b**2 - 4*b + 6. Let c be y(-4). Let a = 16 + c. Suppose -a*d = -d. Let p(u) = u**2 + u - 4. What is p(d)?
-4
Let i = 1584 + -1589. Let o(k) = k**3 + 7*k**2 + 3*k - 12. What is o(i)?
23
Let w(d) = -d - 12. Let b be w(-7). Let q(t) = -7 + 80*t**2 - 2*t**3 - 75*t**2 + t**3 + 0 + 2*t**3. Calculate q(b).
-7
Suppose 4*s + i - 22 = -0*s, 4*i = -8. Let o be (-18)/(-24) + s/(-8). Let t(g) = -4*g + 5*g - 4 + 2*g - 4*g. Give t(o).
-4
Let v(r) = 30*r**2 + 2*r - 1. Let q be v(1). Let j(c) = 11*c - q*c + 17*c + 3. Determine j(3).
-6
Let m(q) = -q - 4. Let r be m(-8). Let p(d) = -3*d - r*d + 0*d - 7*d**2 + 8*d. What is p(1)?
-6
Let h(v) = v - 1. Suppose -f + 10 = -4*i + 49, -5*i + 36 = 3*f. Let q = i + -33. Let t = q + 22. Determine h(t).
-3
Let j = -1 + 1. Let f(c) = 5*c**2 + c - 7. Let g(w) = 14*w**2 + 3*w - 21. Let t(o) = -11*f(o) + 4*g(o). Calculate t(j).
-7
Let j(c) = -2*c - 2. Let m(h) = -h**3 - 2*h**2 - 2*h. Let g be m(-2). Let d be g/(-12)*3*0. Suppose -3*f + 2 + 7 = d. Calculate j(f).
-8
Let w(q) = 3*q + 6. Let z(r) = 3*r + 13. Let d(j) = -4*j - 13. Let v